 + 5. Give g(8).
69
Let b(d) = -37*d**2 + d + 1. Determine b(-1).
-37
Let p(u) = u**3 + 6*u**2 + 5. Determine p(-4).
37
Let j(w) = 2*w**2 + 7*w + 9. Determine j(-2).
3
Let g(s) = -65*s**3 - 1. What is g(1)?
-66
Let y(f) = 5*f**3 - f**2 + 5. Give y(-2).
-39
Let s(f) = -4*f**2 + 19*f - 24. What is s(3)?
-3
Let r(p) = -p**2 - 4*p + 62. What is r(-9)?
17
Let o(b) = b**3 + 19*b**2 + 19*b + 62. Calculate o(-18).
44
Let d(v) = 14*v + 270. What is d(-19)?
4
Let w(m) = -m - 4. What is w(-3)?
-1
Let n(c) = 2*c**2 - 2*c - 1. Calculate n(3).
11
Let m(d) = 3*d**2 + 4*d + 3. Give m(-4).
35
Let d(q) = -2*q**2 + 25*q + 42. Calculate d(14).
0
Let k(f) = 4*f**2 - 33*f + 16. What is k(8)?
8
Let s(f) = f**2 - 8*f + 2. Determine s(10).
22
Let u(a) = -a**2 + 4*a + 32. What is u(-4)?
0
Let b(d) = -27*d + 2405. Calculate b(89).
2
Let h(f) = -f**3 - 6*f**2 + 8*f - 62. Determine h(-8).
2
Let i(z) = 5*z - 6. Give i(7).
29
Let q(t) = t + 11. Determine q(0).
11
Let y(l) = 3*l**2 - 6*l + 10. Give y(6).
82
Let t(r) = r**2 - 2. Give t(-2).
2
Let n(p) = -p**2 + 31*p - 192. Give n(23).
-8
Let w(c) = -c**3 - 10*c**2 - 5. Calculate w(-10).
-5
Let l(d) = -2*d**2 - 7*d + 1. Calculate l(-3).
4
Let m(z) = -3*z**3 + 15*z**2 + 5*z - 19. What is m(5)?
6
Let u(w) = 9*w - 286. Give u(34).
20
Let d(i) = -2*i + 10. Calculate d(9).
-8
Let k(d) = d**2 + d - 61. Calculate k(-8).
-5
Let t(z) = 8*z**2 - 14*z + 21. Determine t(5).
151
Let k(b) = -16*b. Calculate k(-3).
48
Let k(p) = -p - 30. Give k(-34).
4
Let u(c) = -4*c - 36. Give u(-7).
-8
Let o(i) = -31*i - 1. Calculate o(1).
-32
Let g(z) = -7*z + 9. Calculate g(-4).
37
Let v(f) = f**3 + 20*f**2 - 41*f + 75. Give v(-22).
9
Let b(l) = 17*l - 3. Calculate b(-1).
-20
Let r(c) = -14*c**3 + c**2. Give r(-1).
15
Let q(u) = -2*u**2 + 25*u + 7. Calculate q(12).
19
Let k(w) = -w**3 + w**2 + 5*w + 2. Calculate k(-3).
23
Let o(i) = 3*i - 8. Give o(5).
7
Let c(m) = -m - 4. Calculate c(4).
-8
Let g(t) = -2*t**3 - 27*t**2 + 15*t + 32. Calculate g(-14).
18
Let p(m) = -157*m - 466. Give p(-3).
5
Let h(q) = -q + 22. Calculate h(11).
11
Let h(g) = g**3 - 10*g**2 + 15*g. Give h(5).
-50
Let h(m) = -m**2 - 13*m. Calculate h(-8).
40
Let x(t) = t**3 + 2*t**2 - 7*t - 8. What is x(-3)?
4
Let u(v) = v**3 - 3*v**2 - 2*v + 3. Calculate u(1).
-1
Let c(k) = -3*k**2 - 109*k - 138. Determine c(-35).
2
Let o(v) = -v**2 + 21*v - 14. Determine o(21).
-14
Let r(y) = 4*y**2 - 2*y - 27. Calculate r(5).
63
Let y(r) = r**2 + 12*r - 66. Determine y(4).
-2
Let u(n) = -n**3 + 18*n**2 - 14*n - 42. Give u(17).
9
Let i(l) = -l - 16. Determine i(-9).
-7
Let d(l) = l**2 - 4. Calculate d(-2).
0
Let u(j) = -j**2 + 9*j - 11. Determine u(4).
9
Let o(f) = f**2 + 12*f + 8. What is o(-6)?
-28
Let m(q) = -32*q - 3. Determine m(-2).
61
Let o(i) = i**3 - i - 6. Give o(0).
-6
Let r(k) = -2*k**2 - 5*k + 56. What is r(-8)?
-32
Let m(u) = u**2 - u - 2. Calculate m(5).
18
Let k(s) = -3*s**2 + 59*s + 21. What is k(20)?
1
Let f(h) = -h**2 - h + 6. What is f(5)?
-24
Let q(d) = -11*d. What is q(3)?
-33
Let m(c) = -c**3 - 17*c**2 - 15*c + 5. Calculate m(-16).
-11
Let l(m) = 3*m**3 - 14*m**2 - 8*m + 9. Calculate l(5).
-6
Let s(u) = -8*u + 70. What is s(8)?
6
Let i(q) = q**2 - 13*q + 24. What is i(11)?
2
Let t(s) = 9*s**2 - 3*s + 1. What is t(-3)?
91
Let x(l) = l**2 - 30*l + 67. Give x(28).
11
Let o(g) = 3*g + 5. Determine o(-6).
-13
Let p(j) = 4*j - 97. What is p(25)?
3
Let n(s) = 11*s + 44. Give n(-14).
-110
Let a(y) = -3*y - 169. What is a(-60)?
11
Let t(r) = -5*r - 10. Determine t(-5).
15
Let r(m) = -m**3 + 5*m**2 + 2*m - 3. Determine r(5).
7
Let f(k) = -k + 23. Give f(15).
8
Let i(u) = u**3 + 8*u**2 + 13*u + 7. Calculate i(-7).
-35
Let o(f) = -f**3 + 5*f**2 - 3*f - 5. Determine o(4).
-1
Let v(q) = -q**2 + 98*q - 1615. What is v(77)?
2
Let j(x) = -20*x + 1. What is j(1)?
-19
Let z(r) = -r**2 - 19*r - 28. Calculate z(-17).
6
Let i(t) = -t**3 + 17*t**2 + 36*t + 32. What is i(19)?
-6
Let j(b) = -b**2 + 7*b - 12. What is j(4)?
0
Let c(k) = k + 13. Calculate c(-11).
2
Let t(f) = -f**2 + 15*f + 2. Give t(12).
38
Let d(q) = q**2 - 29*q + 44. Give d(26).
-34
Let v(l) = -3*l**2 + 7*l - 9. Give v(2).
-7
Let i(v) = v**3 - 15*v**2 - 18*v + 28. Calculate i(16).
-4
Let d(t) = t**3 + 9*t**2 + 9*t - 36. Give d(-7).
-1
Let d(b) = -4*b**3 + 74*b**2 + 39*b - 10. Give d(19).
9
Let z(r) = -r**2 + 69*r + 440. What is z(-6)?
-10
Let c(d) = -29*d - 25. Calculate c(-6).
149
Let b(l) = 2*l - 52. Determine b(14).
-24
Let a(d) = -d**3 + 15*d**2 + d - 12. Give a(15).
3
Let f(b) = -45*b - 583. Determine f(-13).
2
Let z(q) = q**3 + 7*q**2 - 7*q + 25. Calculate z(-8).
17
Let x(r) = r**2 - 3*r + 6. What is x(4)?
10
Let t(o) = o**2 - 15*o + 37. Give t(5).
-13
Let n(k) = 3*k - 25. Determine n(11).
8
Let o(z) = -3*z - 39. Give o(-16).
9
Let y(q) = -4*q**2 - 4. What is y(3)?
-40
Let l(h) = h**2 + 52*h + 238. Give l(-47).
3
Let y(l) = -8*l - 116. Calculate y(-9).
-44
Let z(u) = 12*u - 57. Determine z(9).
51
Let s(a) = -7*a - 7. Give s(-2).
7
Let z(r) = 4*r - 70. Determine z(14).
-14
Let p(d) = 3*d + 31. Give p(-9).
4
Let g(u) = -50*u - 617. Give g(-12).
-17
Let q(o) = -o**2 + 11*o + 12. Give q(11).
12
Let y(x) = 3*x**3 - 6*x - 7. What is y(-1)?
-4
Let d(z) = z**3 + 5*z**2 + 2*z - 5. Calculate d(-4).
3
Let x(s) = -s**3 - 26*s**2 - 27*s - 54. What is x(-25)?
-4
Let j(n) = 4*n - 6. Calculate j(-8).
-38
Let i(t) = -3*t**2 + 43*t - 45. Give i(13).
7
Let q(v) = -v**3 + 9*v**2 + v + 8. Calculate q(9).
17
Let w(r) = r**3 + 3*r**2 - 2*r + 12. Calculate w(-4).
4
Let g(w) = w**2 + 7*w - 47. What is g(-11)?
-3
Let d(n) = -n**3 - 4*n**2 + 22*n + 13. Determine d(-7).
6
Let a(w) = -8*w**2 - 7*w. Give a(-3).
-51
Let z(c) = -c - 26. What is z(5)?
-31
Let y(u) = u**3 + 21*u**2 - 26*u - 34. Determine y(-22).
54
Let r(o) = -o**2 - 8*o + 53. Determine r(-12).
5
Let o(h) = 3*h**3 + 2*h**2 + 4*h + 2. Calculate o(-2).
-22
Let q(c) = 61*c - 1. What is q(-1)?
-62
Let w(g) = g**2 + 8*g + 6. Calculate w(-5).
-9
Let t(h) = h**3 + 28*h**2 + 28*h + 33. Determine t(-27).
6
Let l(f) = -f**3 + 43*f**2 - 4*f + 148. Give l(43).
-24
Let t(a) = 8*a - 280. What is t(34)?
-8
Let v(m) = -m + 21. What is v(3)?
18
Let z(x) = 50*x. Calculate z(-1).
-50
Let f(o) = o + 12. Give f(15).
27
Let a(m) = -5*m**2 + 28*m - 16. Determine a(5).
-1
Let s(a) = -a**2 - 11*a - 87. What is s(-11)?
-87
Let x(t) = -2*t + 5. Calculate x(-3).
11
Let z(h) = -h**2 + 20*h + 10. Determine z(20).
10
Let a(n) = -n**2 + 15*n + 14. Calculate a(16).
-2
Let q(x) = -4*x + 32. What is q(13)?
-20
Let s(j) = -6*j + 195. Give s(32).
3
Let h(t) = -5*t + 2. Give h(5).
-23
Let v(l) = 2*l - 12. Calculate v(5).
-2
Let v(l) = l**2 + 64. Determine v(0).
64
Let u(s) = -s**3 - 13*s**2 - 14*s - 17. Determine u(-12).
7
Let v(g) = -g**3 + 21*g**2 + 25*g - 20. Give v(22).
46
Let l(z) = -8*z - 3. What is l(-2)?
13
Let b(k) = -k**3 + 6*k**2 + 9*k + 47. Give b(8).
-9
Let a(d) = d**3 - 3*d**2 + 2*d + 1. Give a(3).
7
Let n(g) = -g**3 + 7*g**2 + g - 7. Determine n(7).
0
Let r(s) = -s**3 + 34*s**2 + 37*s - 18. Give r(35).
52
Let i(w) = w**3 - 7*w**2 - 14*w + 35. Give i(8).
-13
Let t(z) = -z + 8. What is t(-3)?
11
Let h(t) = -t**2 - 3*t + 12. Give h(-5).
2
Let l(t) = t**2 - 27*t + 54. What is l(27)?
54
Let t(c) = -c + 2. What is t(2)?
0
Let l(k) = -k**2 + 18*k - 104. Calculate l(6).
-32
Let y(j) = -j**3 - 7*j**2 + 3*j. Determine y(-7).
-21
Let p(h) = -5*h + 92. Give p(15).
17
Let b(s) = 3*s + 10. What is b(-4)?
-2
Let q(l) = l**2 - 18*l - 32. Determine q(20).
8
Let o(u) = 2*u - 9. What is o(0)?
-9
Let k(f) = f**3 - 23*f**2 + 42*f - 4. Determine k(21).
-4
Let p(y) = 10*y + 206. Determine p(-21).
-4
Let j(s) = -s**2 + 12*s + 1. What is j(8)?
33
Let a(p) = -p**3 - 5*p**2 - 3*p + 4. Calculate a(-3).
-5
Let a(r) = -r**2 + 3*r + 52. Calculate a(9).
-2
Let r(d) = -d**3 + 4*d**2 + 6*d + 8. Give r(6).
-28
Let m(g) = 5*g**2 + 2*g - 7. What is m(-3)?
32
Let s(z) = -3*z + 44. Calculate s(0).
44
Let h(f) = f**3 + 12*f**2 + 20*f + 10. What is h(-10)?
10
Let w(f) = 6*f + 59. Calculate w(-10).
-1
Let m(a) = -38*a**2 - 5*a - 4. Give m(-1).
-37
Let l(y) = -4*y + 41. Determine l(20).
-39
Let g(f) = 39*f + 428. What is g(-11)?
-1
Let j(z) = z**3 + 10*z**2 - 2*z - 1. What is j(-10)?
19
Let a(o) = 6*o + 40. What is a(-6)?
4
Let u(w) = 6*w**2 - 169*w + 40. Det